5
Let f(n) = -8*n**2 + 532*n + 10543. Determine f(-16).
-17
Let u(y) = -8*y**3 - 255*y**2 - 704*y - 41. Determine u(-3).
-8
Let c(g) = -17*g**2 + 450*g + 460. Give c(-1).
-7
Let f(b) = 202809*b + 26365172. Calculate f(-130).
2
Let i(f) = 31*f**2 + 4680*f + 55587. What is i(-13)?
-14
Let c(m) = 177*m - 3033. What is c(14)?
-555
Let s(h) = 7*h**3 - 692*h**2 - 76*h + 449. Give s(99).
2726
Let r(m) = 5*m**2 - 349*m + 2197. Determine r(7).
-1
Let l(n) = 5798*n + 34861. Calculate l(-6).
73
Let f(s) = 3*s**3 + 17*s**2 - 46*s - 229. What is f(-5)?
51
Let t(z) = -7*z**3 + 580*z**2 + 319*z - 19556. Calculate t(83).
32
Let g(b) = 15*b**3 + 102*b**2 + 12*b - 22. Determine g(-6).
338
Let u(q) = 53*q + 3456. Calculate u(-71).
-307
Let w(g) = -6141*g - 1634. Give w(-1).
4507
Let r(w) = -18057*w - 1101441. What is r(-61)?
36
Let m(a) = -2*a**3 - 329*a**2 - 2190*a + 4. Give m(-7).
-101
Let p(l) = -5*l**3 + 928*l**2 + 325*l + 8752. Determine p(186).
10
Let h(m) = -4*m**2 + 81*m + 416. Give h(-4).
28
Let v(m) = 19*m**2 - 39*m - 138. What is v(-4)?
322
Let k(i) = 2*i**3 + 39*i**2 + 6811*i + 107183. What is k(-16)?
-1
Let m(i) = i**3 - 85*i**2 + 740*i - 4250. What is m(76)?
6
Let i(v) = 3640*v**2 + 21832*v - 64. What is i(-6)?
-16
Let l(t) = -302*t + 39076. Determine l(129).
118
Let p(q) = -9*q**2 + 1058*q + 36684. Determine p(-28).
4
Let l(z) = -z**3 - 123*z**2 - 353*z - 179. What is l(-120)?
-1019
Let v(s) = 9*s**2 + 138*s + 1562. Give v(-13).
1289
Let y(u) = 2042*u + 200008. Calculate y(-98).
-108
Let x(t) = -10*t**2 + 1496*t - 2999. Give x(2).
-47
Let j(b) = -2377*b - 679830. Give j(-286).
-8
Let z(w) = -8*w**3 - 92*w**2 + 1136*w + 11978. Calculate z(-14).
-6
Let x(l) = -49984*l + 199917. Determine x(4).
-19
Let j(s) = -18*s**2 - 122*s + 2027. Give j(-16).
-629
Let g(s) = 19*s**2 + 40*s - 324. Calculate g(-6).
120
Let a(p) = -10*p**3 - 88*p**2 - 423*p - 3983. Give a(-9).
-14
Let l(w) = -8471*w - 10936059. Give l(-1291).
2
Let d(v) = 1073*v - 53645. Give d(50).
5
Let h(w) = -1431*w - 47145. Determine h(-33).
78
Let t(j) = 3*j**3 + 129*j**2 - 1231*j - 421. Give t(-51).
-64
Let p(n) = 2831*n + 64648. Give p(-23).
-465
Let q(k) = -97*k**2 + 4971*k - 688. Give q(51).
536
Let p(d) = 4271*d**2 + 55504*d - 257. What is p(-13)?
-10
Let k(h) = 116*h**2 + 12528*h + 323. What is k(-108)?
323
Let f(x) = 45*x**2 - 334*x - 2759. Calculate f(-9).
3892
Let f(k) = 351*k + 63373. Calculate f(-181).
-158
Let m(l) = -l**2 + 64*l + 2787. Calculate m(-30).
-33
Let z(g) = -61458*g + 4486429. Calculate z(73).
-5
Let l(u) = -29*u**2 + 20457*u + 20457. Determine l(-1).
-29
Let d(u) = -14*u**3 + 931*u**2 + 12564*u - 469. Calculate d(78).
-1
Let y(q) = q**2 - 40*q + 656. Give y(37).
545
Let x(r) = 12*r**3 + 2917*r**2 + 260*r + 4136. Calculate x(-243).
5
Let n(b) = 45*b**2 - 5030*b + 13643. Determine n(109).
18
Let z(a) = -97*a + 492. Calculate z(8).
-284
Let s(f) = -4*f**3 + 223*f**2 + 114*f - 3271. What is s(56)?
-23
Let v(c) = -2292*c + 20837. Give v(9).
209
Let d(u) = -110866*u + 554447. Determine d(5).
117
Let l(z) = 256*z**2 + 13527*z + 11227. Give l(-52).
47
Let n(z) = -z**2 + 47*z - 131. Determine n(12).
289
Let s(k) = 9*k**2 + 2105*k - 4222. Calculate s(2).
24
Let r(f) = -7*f**3 - 356*f**2 + 82*f + 1788. Calculate r(-51).
207
Let y(p) = -2*p**3 + 58*p**2 + 27*p - 1343. Give y(29).
-560
Let c(q) = -62691*q + 1128442. Calculate c(18).
4
Let r(y) = -7*y**2 - 334*y - 3095. Give r(-11).
-268
Let h(b) = 2*b**3 - 79*b**2 - 337*b - 380. What is h(-2)?
-38
Let k(p) = -10402*p + 20827. Calculate k(2).
23
Let n(u) = 405*u**2 - 5425*u + 2093. What is n(13)?
13
Let m(z) = -z**2 + 4100*z + 224303. Calculate m(-54).
-13
Let c(k) = k**3 + 84*k**2 - 62*k + 25571. Calculate c(-88).
51
Let x(l) = -3155*l - 31607. Calculate x(-10).
-57
Let z(i) = 277497*i - 277516. What is z(1)?
-19
Let k(r) = 3*r**3 - 22*r**2 - 70*r + 443. What is k(4)?
3
Let b(m) = 457*m**2 - 5045*m + 4. Determine b(11).
-194
Let k(c) = -10*c**2 - 5513*c - 38034. Determine k(-7).
67
Let c(g) = g**3 + 328*g**2 + 1928*g + 13. Calculate c(-6).
37
Let r(p) = -8*p**2 - 390*p - 3937. Determine r(-34).
75
Let j(p) = -1161*p**2 - 207902*p - 14864. Give j(-179).
-7
Let z(b) = 1089*b**2 - 4469*b + 7. Calculate z(4).
-445
Let b(g) = 2*g**3 - 7*g**2 - 3*g + 106. What is b(0)?
106
Let x(w) = w**3 + 75*w**2 + 24*w - 3649. What is x(-74)?
51
Let x(s) = s**3 - 27*s**2 - 757*s + 2937. What is x(43)?
-30
Let u(p) = 3070*p - 6446. What is u(3)?
2764
Let v(h) = -12*h**3 + 6599*h**2 + 531*h + 10246. What is v(550)?
-204
Let v(q) = 3904*q - 70247. Give v(18).
25
Let n(y) = -492*y - 30501. Calculate n(-62).
3
Let y(n) = -5*n**2 + 280*n - 1763. Calculate y(49).
-48
Let s(d) = -d**3 + 336*d**2 - 5579*d - 46164. What is s(318)?
-54
Let v(s) = s**3 - 24*s**2 - 3785*s + 90881. What is v(24)?
41
Let b(f) = -3*f**3 - 21*f**2 + 1674*f + 13207. What is b(-8)?
7
Let q(p) = 23*p**2 + 416*p + 169. Give q(-18).
133
Let t(a) = 13878*a - 83215. Give t(6).
53
Let d(p) = -1475*p + 210849. Determine d(143).
-76
Let l(w) = -3273*w + 13125. What is l(4)?
33
Let c(a) = a**3 - 15*a**2 - 2*a + 61. Give c(9).
-443
Let t(v) = -8006*v - 4755535. What is t(-594)?
29
Let c(i) = 2*i**3 - 69*i**2 + 881*i - 12861. Calculate c(27).
-9
Let n(y) = 4022*y - 204977. What is n(51)?
145
Let p(h) = -h**3 + 110*h**2 - 1584*h + 109. Give p(93).
-170
Let o(s) = 80*s**2 + 28079*s - 643. Determine o(-351).
-292
Let v(p) = 2*p**3 + 165*p**2 - 2224*p - 189105. Give v(-82).
-13
Let p(c) = -c**3 + 16*c**2 - 218*c + 545. Calculate p(16).
-2943
Let n(r) = r**2 + 1755*r + 122783. Calculate n(-73).
-3
Let h(f) = 1176*f - 36375. Determine h(31).
81
Let j(g) = -2*g**2 + 217*g - 4468. What is j(27)?
-67
Let w(i) = 13150*i - 39551. Calculate w(3).
-101
Let f(l) = -256*l**3 - 15105*l**2 - 104*l - 2664. Determine f(-59).
-9
Let k(l) = -2*l**2 + 1797*l - 316499. What is k(658)?
-1
Let y(n) = -27457*n - 164740. Calculate y(-6).
2
Let k(d) = 6*d**2 + 14*d - 311. Determine k(9).
301
Let y(v) = 3302*v + 9785. Give y(-3).
-121
Let k(f) = 6043*f - 48691. What is k(8)?
-347
Let f(b) = -2*b**2 - 90054*b - 450228. Determine f(-5).
-8
Let l(m) = -4*m**3 + 40*m**2 + 127*m - 1212. Determine l(9).
255
Let s(p) = 14*p**2 + 68*p - 2908. What is s(-17)?
-18
Let w(f) = -3*f**2 - 1463*f + 294897. Calculate w(-641).
37
Let i(w) = 661*w**2 + 1758*w - 17. Give i(-4).
3527
Let d(f) = -3*f**3 - 552*f**2 + 7*f - 1291. Determine d(-184).
-2579
Let i(f) = -201815*f + 4439900. Determine i(22).
-30
Let t(c) = -3030*c + 966563. What is t(319)?
-7
Let f(t) = 6*t**2 - 565*t + 7517. What is f(16)?
13
Let k(r) = r**2 + 64*r - 6740. What is k(-109)?
-1835
Let o(f) = 4*f**3 - 180*f**2 + 13*f - 559. What is o(45)?
26
Let j(p) = 649*p + 1323. What is j(-4)?
-1273
Let q(z) = z**3 - 83*z**2 + 1255*z - 5218. Calculate q(10).
32
Let u(n) = -n**2 + 9225*n + 2788762. Give u(-293).
-12
Let f(l) = 2801*l**2 + 86821*l - 179. Give f(-31).
131
Let z(q) = -3*q**2 - 253*q - 2155. Give z(-75).
-55
Let l(f) = f**2 + 1876630*f - 9383189. Calculate l(5).
-14
Let u(c) = 2*c**3 + 97*c**2 + 881*c - 2550. What is u(-16)?
-6
Let u(c) = 629*c + 11916. Give u(-19).
-35
Let m(u) = -u**3 - 138*u**2 - 2597*u + 5522. Calculate m(-115).
2
Let m(p) = -9*p**2 + 2474*p + 2784. Calculate m(276).
24
Let w(v) = -v**2 + 2691*v - 142394. Calculate w(54).
4
Let p(o) = 3606*o + 477993. Give p(-133).
-1605
Let t(l) = -2*l**2 + 755*l + 3456. Calculate t(383).
-757
Let z(h) = -609*h - 6705. Determine z(-11).
-6
Let r(u) = -721470*u + 5771805. Calculate r(8).
45
Let n(r) = r**2 + 4263*r - 98570. Calculate n(23).
8
Let p(x) = -x**3 - 53*x**2 + 632*x + 613. What is p(-63)?
487
Let f(u) = 62*u + 2115. Determine f(-51).
-1047
Let g(k) = -852293*k + 67331157. Give g(79).
10
Let f(j) = -2250*j - 41656. Determine f(-18).
-1156
Let w(y) = y**2 - 196*y - 19053. Determine w(280).
4467
Let z(c) = c**3 + 79*c**2 - 2217*c + 524. What is z(-101)?
19
Let i(t) = 31*t**2 - 701*t + 221. Calculate i(22).
-197
Let i(p) = 2*p**3 - 770*p**2 - 8788*p + 30086. Give i(396).
-10
Let h(y) = -8209*y + 215606. Calculate h(26).
2172
Let o(i) = 3*i**2 - 232*i - 7917. Determine o(-27).
534
Let a(d) = 3177*d + 12946. Determine a(-4).
238
Let p(j) = -453*j - 92851. Calculate p(-205).
14
Let c(k) = -324*k**2 + 4878*k - 